566.
2, 13, 17, 1723
What are the prime factors of 183241?
23, 31, 257
What are the prime factors of 3759929?
19, 197891
What are the prime factors of 2251108?
2, 151, 3727
What are the prime factors of 2117172?
2, 3, 176431
What are the prime factors of 2364346?
2, 137, 8629
What are the prime factors of 155191?
155191
List the prime factors of 6285894.
2, 3, 1047649
What are the prime factors of 19861453?
19861453
What are the prime factors of 147340?
2, 5, 53, 139
What are the prime factors of 15095689?
7, 29, 74363
List the prime factors of 255014.
2, 127507
What are the prime factors of 1784712?
2, 3, 74363
What are the prime factors of 399362?
2, 233, 857
What are the prime factors of 5563966?
2, 2781983
List the prime factors of 809622.
2, 3, 11, 29, 47
List the prime factors of 2970413.
2970413
List the prime factors of 304811.
13, 23447
What are the prime factors of 839578?
2, 419789
List the prime factors of 18236807.
18236807
What are the prime factors of 589828?
2, 147457
What are the prime factors of 18373548?
2, 3, 1531129
List the prime factors of 12360970.
2, 5, 449, 2753
List the prime factors of 19287868.
2, 97, 49711
What are the prime factors of 12679?
31, 409
List the prime factors of 20126889.
3, 61, 601
List the prime factors of 113408.
2, 443
What are the prime factors of 1626418?
2, 813209
What are the prime factors of 4797036?
2, 3, 44417
What are the prime factors of 210060?
2, 3, 5, 389
List the prime factors of 8301136.
2, 277, 1873
List the prime factors of 409427.
383, 1069
What are the prime factors of 4663042?
2, 173, 13477
What are the prime factors of 14214514?
2, 499, 14243
List the prime factors of 3373759.
241, 13999
What are the prime factors of 2325820?
2, 5, 7, 37, 449
List the prime factors of 5351165.
5, 1070233
What are the prime factors of 525549?
3, 167, 1049
List the prime factors of 44846.
2, 17, 1319
What are the prime factors of 13069589?
13, 23, 43711
List the prime factors of 1535102.
2, 767551
List the prime factors of 1508093.
1508093
What are the prime factors of 12382834?
2, 17, 251, 1451
List the prime factors of 653128.
2, 7, 107, 109
List the prime factors of 1122885.
3, 5, 24953
List the prime factors of 364866.
2, 3, 60811
What are the prime factors of 5552019?
3, 11, 56081
What are the prime factors of 1627?
1627
What are the prime factors of 938808?
2, 3, 13, 17, 59
List the prime factors of 424618.
2, 29, 7321
List the prime factors of 30735914.
2, 11, 1397087
List the prime factors of 2866880.
2, 5, 17, 31
List the prime factors of 91402.
2, 23, 1987
What are the prime factors of 2043654?
2, 3, 47, 7247
What are the prime factors of 890400?
2, 3, 5, 7, 53
List the prime factors of 23607781.
17, 1388693
List the prime factors of 12268976.
2, 766811
What are the prime factors of 147417?
3, 49139
What are the prime factors of 23906?
2, 11953
What are the prime factors of 274636?
2, 68659
What are the prime factors of 3245048?
2, 19, 37, 577
List the prime factors of 3252331.
349, 9319
What are the prime factors of 18560907?
3, 43, 73
What are the prime factors of 340248?
2, 3, 14177
List the prime factors of 25479126.
2, 3, 1415507
What are the prime factors of 4614783?
3, 1538261
List the prime factors of 15718787.
7, 2245541
What are the prime factors of 35221667?
13, 2709359
List the prime factors of 248426.
2, 124213
What are the prime factors of 723355?
5, 144671
List the prime factors of 2551810.
2, 5, 255181
List the prime factors of 7731044.
2, 1932761
List the prime factors of 2877927.
3, 13, 109, 677
List the prime factors of 6610696.
2, 773, 1069
List the prime factors of 9960869.
9960869
What are the prime factors of 237341?
13, 18257
What are the prime factors of 2360015?
5, 7, 67429
What are the prime factors of 690647?
599, 1153
What are the prime factors of 5092521?
3, 7, 101
List the prime factors of 269383.
269383
What are the prime factors of 11149023?
3, 3716341
What are the prime factors of 2177537?
2177537
What are the prime factors of 2254220?
2, 5, 269, 419
What are the prime factors of 1897537?
1897537
What are the prime factors of 589623?
3, 196541
List the prime factors of 7474750.
2, 5, 29, 1031
What are the prime factors of 3965821?
23, 172427
List the prime factors of 3896.
2, 487
List the prime factors of 1358566.
2, 11, 37, 1669
List the prime factors of 18164952.
2, 3, 13, 6469
List the prime factors of 2804544.
2, 3, 541
List the prime factors of 22918776.
2, 3, 109, 8761
What are the prime factors of 21360371?
21360371
List the prime factors of 90874.
2, 7, 6491
What are the prime factors of 1417627?
977, 1451
What are the prime factors of 5448261?
3, 7, 13, 2851
What are the prime factors of 443098?
2, 221549
List the prime factors of 540760.
2, 5, 11, 1229
What are the prime factors of 145532?
2, 36383
What are the prime factors of 20771552?
2, 17, 38183
List the prime factors of 78801.
3, 26267
List the prime factors of 2818327.
19, 37, 211
What are the prime factors of 2400709?
2400709
List the prime factors of 362670.
2, 3, 5, 7, 11, 157
What are the prime factors of 79752?
2, 3, 3323
List the prime factors of 22312820.
2, 5, 1115641
List the prime factors of 1618391.
43, 61, 617
What are the prime factors of 8837928?
2, 3, 11, 11159
What are the prime factors of 12128495?
5, 2425699
What are the prime factors of 15094744?
2, 7, 5501
List the prime factors of 156842.
2, 7, 17, 659
What are the prime factors of 3561494?
2, 53, 33599
What are the prime factors of 15038667?
3, 7, 238709
What are the prime factors of 1216487?
199, 6113
List the prime factors of 930071.
930071
What are the prime factors of 3691512?
2, 3, 11, 59, 79
What are the prime factors of 716424?
2, 3, 29851
What are the prime factors of 1982263?
1982263
List the prime factors of 1591149.
3, 7, 17, 4457
List the prime factors of 15884500.
2, 5, 31769
List the prime factors of 8008714.
2, 7, 572051
What are the prime factors of 3728966?
2, 1864483
What are the prime factors of 110497?
47, 2351
What are the prime factors of 4380006?
2, 3, 823, 887
List the prime factors of 403607.
403607
List the prime factors of 787623.
3, 262541
List the prime factors of 1201519.
11, 109229
List the prime factors of 9793356.
2, 3, 816113
What are the prime factors of 1787354?
2, 41, 71, 307
List the prime factors of 2949234.
2, 3, 491539
List the prime factors of 537842.
2, 268921
What are the prime factors of 459383?
459383
What are the prime factors of 267157?
11, 149, 163
List the prime factors of 719407.
13, 55339
What are the prime factors of 7921501?
7, 1131643
List the prime factors of 670485.
3, 5, 44699
What are the prime factors of 677668?
2, 191, 887
List the prime factors of 1738655.
5, 347731
What are the prime factors of 2543092?
2, 223, 2851
List the prime factors of 14471018.
2, 47, 153947
What are the prime factors of 256084?
2, 73, 877
What are the prime factors of 96510?
2, 3, 5, 3217
What are the prime factors of 2925096?
2, 3, 307, 397
What are the prime factors of 13943154?
2, 3, 37, 181, 347
List the prime factors of 4052823.
3, 139, 9719
What are the prime factors of 197741?
197741
What are the prime factors of 4361464?
2, 311, 1753
List the prime factors of 84758.
2, 42379
List the prime factors of 2834282.
2, 11, 128831
List the prime factors of 2319402.
2, 3, 571, 677
What are the prime factors of 8172792?
2, 3, 157, 241
List the prime factors of 489081.
3, 163027
List the prime factors of 822666.
2, 3, 13, 53, 199
List the prime factors of 179099.
179099
List the prime factors of 531591.
3, 79, 2243
What are the prime factors of 135536?
2, 43, 197
List the prime factors of 247160.
2, 5, 37, 167
What are the prime factors of 6584894?
2, 67, 157, 313
What are the prime factors of 77087?
157, 491
List the prime factors of 1881369.
3, 7, 29863
List the prime factors of 88279.
43, 2053
List the prime factors of 4813481.
67, 71843
What are the prime factors of 1275560?
2, 5, 11, 13, 223
List the prime factors of 66109.
66109
List the prime factors of 159760.
2, 5, 1997
What are the prime factors of 2606075?
5, 104243
List the prime factors of 439069.
41, 10709
List the prime factors of 156004.
2, 43, 907
What are the prime factors of 19326105?
3, 5, 429469
List the 